e remainder when 34 is divided by t.
10
Let o be 2/(-8) - (-1)/4. Let s be (6 - 2)/2 - -3. Suppose -5*b = -s*n - 155, 5*b + o*b + 2*n = 169. Calculate the remainder when b is divided by 17.
16
Suppose -2*q + 4 - 3 = l, -q = 2*l - 11. What is the remainder when 9 is divided by -1 + 3 - (4 - l)?
4
Let i be -12 - -7 - 0/2. Let q = 15 + i. Let f(n) = 4*n**2 + n - 4. What is the remainder when f(-3) is divided by q?
9
Let l = -332 - -342. Suppose 2*i + 71 = -5*c + 18, 40 = -4*c - i. Calculate the remainder when l is divided by (-38)/c - (-4)/(-18).
2
Suppose -9 = -i - 6. What is the remainder when 4 is divided by i?
1
Suppose 2*v + 24 = 3*f + v, -2*v = -2*f + 12. Let h(k) = 2*k**2 + 3*k - 5. Calculate the remainder when h(-4) is divided by f.
6
Let x(a) = a - 2*a + 0*a + 53 - a**3 - 12. Let f be x(0). Suppose 5*l + 2*g = -0*g + f, 0 = -3*l - 5*g + 36. What is the remainder when l is divided by 3?
1
Let a(y) = 3*y**3 - 4*y**2 + 7. Calculate the remainder when a(3) is divided by 11.
8
Let o(x) = -x + 19. Suppose 2*q + 4*b = 4, 0 = -q - 4*q + 2*b + 58. Calculate the remainder when o(0) is divided by q.
9
Suppose 0 = 2*p - p - 11. Suppose 0*h + 4*h = 120. Calculate the remainder when h is divided by p.
8
Let x(u) = 4*u - 1. Let s be x(-3). Let k = s - -9. Calculate the remainder when (258/(-12))/(2/k) is divided by 15.
13
Let c = -138 + 147. Calculate the remainder when 26 is divided by c.
8
Let g = 16 - 18. What is the remainder when (g - -3)*1 + 24 is divided by 14?
11
Let c(d) = -d**3 - 3*d**2 - 3. Let o(t) = t - 4. Let h be o(0). What is the remainder when 25 is divided by c(h)?
12
Let z = 6 - 2. Suppose -5*t = 4*w - 191, -z*w = -0*t + 2*t - 74. Calculate the remainder when t is divided by 11.
6
Suppose 0 = 6*w - 10 - 26. What is the remainder when 52 is divided by w?
4
Let c(m) = m**3 - 5*m**2 + 4*m + 5. Let b be c(4). Suppose -b*o + 24 = -6. What is the remainder when o is divided by 4?
2
Let q = 39 - 24. Calculate the remainder when 56 is divided by q.
11
Let l(c) = 53*c**2 - c - 30 + 30. Calculate the remainder when l(-1) is divided by 11.
10
Let n be (2 - (6 - 3)) + 85. Suppose -93 = -2*i - 3*i - j, n = 5*i - 2*j. What is the remainder when i is divided by 5?
3
Suppose a - 3*a = -220. Calculate the remainder when a is divided by 28.
26
Suppose 9*v - 17 = 8*v. What is the remainder when 47 is divided by v?
13
Let z(a) = 18*a - 9. What is the remainder when z(6) is divided by 34 + 2/10 + (-8)/40?
31
Suppose 5*o - 1370 = 3*o. Suppose r = -5*x + o, -r = -4*r. Suppose w + 4*u - 39 = 0, -5*u = -5*w + x + 158. Calculate the remainder when w is divided by 19.
17
Suppose -5*l - 6*n = -2*n - 106, 4*l - 3*n = 60. Suppose -3*v + l = -27. What is the remainder when 42 is divided by v?
12
Let k(q) = 2*q**2 + 7*q + 6. Calculate the remainder when k(-6) is divided by 13.
10
Suppose -a = 5*p - 23, -2*a - p + 1 = -3*a. Suppose z = -a*z + 44. Suppose -3*d + 0*d = -60. Calculate the remainder when d is divided by z.
9
Suppose 3*k + 2*q = -2*q - 5, 0 = -5*k - 5*q. Let x(f) = -f**3 - 8*f**2 - 7*f + 1. What is the remainder when k is divided by x(-7)?
0
Suppose -2*a + 3*f = -3*a - 3, -9 = -4*a - 5*f. What is the remainder when a is divided by 4?
2
Let p be 3*(0 + 213/9). Suppose -2*h + p = -t, 5*t - 77 = -2*h + 4*t. What is the remainder when h is divided by 13?
11
Let q(t) = -t**3 + 7*t**2 - 4*t + 6. Let g be q(7). Let w = -13 - g. What is the remainder when w is divided by 6?
3
Let m(s) = s. Let j be m(-8). What is the remainder when (-40)/(-16)*j/(-10) is divided by 2?
0
Suppose 0 = -q + 2*q - 5. Suppose 0 = q*c + 5 + 45. Let u = 24 + c. What is the remainder when 41 is divided by u?
13
Suppose -3*g - 2*g - 75 = 0. Suppose 40 = y - 12. What is the remainder when y is divided by -4*(-9)/12 - g?
16
Let s = -19 - 1. Let d = s + 44. Calculate the remainder when d is divided by 13.
11
Let n(g) = -10*g - 1. Calculate the remainder when n(-6) is divided by 20.
19
Suppose -x - 3*g = -4*g - 22, -2*g = -10. What is the remainder when x is divided by (-2)/(-2 - (-36)/21)?
6
Let y = 34 + 0. Calculate the remainder when y is divided by 7.
6
Let f be (4 - 2)*(-98)/(-4). Let l = -3 + 2. Calculate the remainder when (f - -4) + 0/l is divided by 18.
17
Suppose 0 = -z - 1. Calculate the remainder when ((-6 - -3) + 0)*z is divided by 3.
0
Suppose -4 = -g + 1. Suppose 0 = 5*n - 8 - 7. What is the remainder when g is divided by n?
2
Let a(m) be the first derivative of -m**4/4 + m**3 + m**2 - 2. What is the remainder when 30 is divided by a(-2)?
14
Suppose -2*o + 4 = -26. What is the remainder when o is divided by 8?
7
Let r = 13 - 13. Suppose 0 = 5*v - 9*t + 4*t - 70, 2*t + 39 = 3*v. Suppose r = -2*l - 4*q - 14, 4*l - 2*q - v = l. What is the remainder when 2 is divided by l?
0
Let z(f) be the second derivative of 4*f**4/3 + f**3/3 - f**2/2 - f. Let i be 10/2*10/(-25). Calculate the remainder when z(i) is divided by 20.
19
Let p(n) = 2*n - 4 + 2 + 1. Let t be p(-4). Calculate the remainder when 12 is divided by (-6)/(-4)*(-42)/t.
5
Let w = -25 + 36. Calculate the remainder when 21 is divided by w.
10
Let u be ((-1)/1)/(12/60). Let t = 5 - u. Calculate the remainder when 17 is divided by t.
7
Suppose 4*g - 52 = 6*x - 3*x, 0 = 3*x. Suppose -g - 32 = -5*l. Calculate the remainder when l is divided by 5.
4
What is the remainder when 38 is divided by ((-20)/3)/(8/(-12))?
8
What is the remainder when (104/(-65))/((-4)/10) is divided by 3?
1
Let v = 11 - -2. Let l be -1 - -1 - (-4)/2. Suppose l*g = -2*g + 148. What is the remainder when g is divided by v?
11
Suppose 13 = 3*i + 1. Let d = 16 + i. Calculate the remainder when 76 is divided by d.
16
Let m(a) be the second derivative of a**4/12 + 5*a**3/6 + 5*a**2/2 + 5*a. Calculate the remainder when m(6) is divided by 24.
23
Let k(u) = -2*u - 2. Let z = 29 + -13. Calculate the remainder when z is divided by k(-4).
4
Suppose -518 - 772 = -10*b. Calculate the remainder when b is divided by 6*(-2 - 30/(-4)).
30
What is the remainder when 3 + -2 + 6 + 56 is divided by 22?
19
Let n = -64 - -202. Suppose -5*f = l + l + 18, -5*f = -4*l - 6. Calculate the remainder when (l/12)/((-2)/n) is divided by 8.
7
What is the remainder when 9*(-1 + 13 - 1) is divided by 51?
48
Suppose -g + 105 = 3*u, 99 = 2*u - g + 24. Calculate the remainder when u is divided by 19.
17
Let a be 54 + -2*6/(-4). Let c = -40 + a. What is the remainder when 33 is divided by c?
16
Suppose -4*l - 2*w = -2*l - 24, -2*l = w - 22. What is the remainder when 426/l + (-12)/(-30) is divided by 11?
10
Let h = -13 - -50. Let a = 20 - 0. What is the remainder when h is divided by a?
17
Let r = 0 - -21. Suppose -3*v = 4*t + 91, 0*v - 4*t + 57 = -v. Let z = -26 - v. Calculate the remainder when r is divided by z.
10
Suppose -5*b + b = -308. Calculate the remainder when b is divided by 16.
13
What is the remainder when ((-2)/(-9))/((-4)/(-9))*36 is divided by 7?
4
What is the remainder when 1 is divided by (4 - 32/6)/((-8)/6)?
0
Let f(t) = t**2 - 4*t - 10. Calculate the remainder when 118 is divided by f(7).
8
Let x = 5 + -11. Let d(b) = b**3 + 7*b**2 + 1. Suppose 7*j + 0*j - 91 = 0. What is the remainder when d(x) is divided by j?
11
Let u = -2 - -4. Let l(s) = -5 - 2*s**u - 1 + 4*s**2 - 5*s. Calculate the remainder when l(5) is divided by 7.
5
Let p = -26 - -36. What is the remainder when 38 is divided by p?
8
Let q(n) = -n**3 - 13*n**2 + 2*n + 32. What is the remainder when 28 is divided by q(-13)?
4
Suppose -2*y + 5 = 1. Let b(x) = -2*x**3 - 2*x**2 + 2*x. Calculate the remainder when b(-2) is divided by y.
0
Let k be (30*2)/((-3)/(-2)). Suppose g + x = 4*x + 8, -x + k = 5*g. Calculate the remainder when g is divided by 3.
2
Suppose 65 = 36*i - 31*i. Calculate the remainder when 35 is divided by i.
9
Let w = 14 + -11. Suppose -4*d - 20 = -w*b, 4*b = -0*b + 5*d + 26. What is the remainder when 3/(-12) + (-45)/(-4) is divided by b?
3
Let j be -4*-2*(-1 + 8). Suppose q = -3*q + j. Suppose 2*w = 5*s + 55, -s + 3*s - 10 = 0. Calculate the remainder when w is divided by q.
12
Suppose 0 = 4*v - 3*v. Let r be 1530/63 - (-4)/(-14). Suppose v = 2*l - 0*l - r. Calculate the remainder when 47 is divided by l.
11
What is the remainder when 38 is divided by 2/3*(20 - 5)?
8
Suppose q - 5*q = -84. Cal